{"id":5657103,"date":"2019-10-06T08:43:40","date_gmt":"2019-10-06T08:43:40","guid":{"rendered":"http:\/\/www.worldchildren.it\/index.php\/il-progetto-copy\/"},"modified":"2021-01-03T14:47:14","modified_gmt":"2021-01-03T14:47:14","slug":"obiettivi-del-progetto-world-children","status":"publish","type":"page","link":"https:\/\/www.worldchildren.it\/index.php\/obiettivi-del-progetto-world-children\/","title":{"rendered":"Laboratorio &#8211; Evento"},"content":{"rendered":"[vc_row full_width=&#8221;stretch_row_content_no_spaces&#8221; full_height=&#8221;yes&#8221; css=&#8221;.vc_custom_1508418243723{background-image: url(http:\/\/www.worldchildren.it\/wp-content\/uploads\/2017\/10\/nor_about_ver4-min.jpg?id=12943) !important;background-position: center !important;background-repeat: no-repeat !important;background-size: cover !important;}&#8221;][vc_column]<div class=\"norebro-split-box-sc split-box full-vh\" \nid=\"norebro-custom-6a047ff694305\" \n>\n\n\t<div class=\"vc_col-md-6 split-box-wrap\">\n\t<div class=\"parallax-bg\"><\/div>\n\t<div class=\"content\">\n\t\t\t<\/div>\n<\/div><div class=\"vc_col-md-6 split-box-wrap\">\n\t<div class=\"parallax-bg\"><\/div>\n\t<div class=\"content\">\n\t\t[vc_row_inner][vc_column_inner][vc_empty_space height=&#8221;90px&#8221; el_class=&#8221;norebro-phone-space&#8221;]<div class=\"norebro-text-sc \" \n\tid=\"norebro-custom-6a047ff694511\" \n\t \n\t>\n\n\t<p>World Children | Bambini del mondo<\/p>\n\t\n<\/div>[vc_empty_space height=&#8221;10px&#8221;]<div class=\"norebro-heading-sc heading text-left\"\n\tid=\"norebro-custom-6a047ff6945bb\" \n\t data-aos=\"fade-left\" \n\t data-aos-duration=\"600\">\n\t\n\t\n\t\t\t<div class=\"divider\"><\/div>\n\t\n\t<h3 class=\"title\">\n\t\tLaboratorio - Evento 2019\t<\/h3>\n\n\t\n\t\t\t<p class=\"subtitle\">\n\t\t\t\t\t<\/p>\n\t\t\n<\/div>[vc_empty_space height=&#8221;10px&#8221;]<div class=\"norebro-heading-sc heading text-left\"\n\tid=\"norebro-custom-6a047ff694688\" \n\t data-aos=\"fade-left\" \n\t data-aos-duration=\"600\">\n\t\n\t\n\t\n\t<h3 class=\"title\">\n\t\tUn'esposizione di 10 immagini di bambini del mondo scattate dal fotografo Dan Romeo durante i suoi viaggi umanitari e gli incarichi svolti per UNICEF, Save The Children, Missionari della Consolata e numerose altre ONG con cui collabora.\t<\/h3>\n\n\t\n\t\t\t<p class=\"subtitle\">\n\t\t\tImmagini che rappresentano, attraverso uno storytelling visivo, uno spaccato delle condizioni di vita di bambini, coetanei degli alunni della Scuola Barolo, in diverse nazioni che vanno dall'Africa all'Asia e al Sud America.\t\t<\/p>\n\t\t\n<\/div>[vc_empty_space height=&#8221;20px&#8221;]<div class=\"norebro-heading-sc heading text-left\"\n\tid=\"norebro-custom-6a047ff694721\" \n\t data-aos=\"fade-left\" \n\t data-aos-duration=\"600\">\n\t\n\t\n\t\t\t<div class=\"divider\"><\/div>\n\t\n\t<h3 class=\"title\">\n\t\tPercorsi del progetto\t<\/h3>\n\n\t\n\t\t\t<p class=\"subtitle\">\n\t\t\t\t\t<\/p>\n\t\t\n<\/div>[vc_empty_space height=&#8221;20px&#8221;]<div class=\"norebro-heading-sc heading text-left\"\n\tid=\"norebro-custom-6a047ff6947b3\" \n\t data-aos=\"fade-left\" \n\t data-aos-duration=\"600\">\n\t\n\t\n\t\n\t<h3 class=\"title\">\n\t\tPercorso Visivo\t<\/h3>\n\n\t\n\t\t\t<p class=\"subtitle\">\n\t\t\t\t\t<\/p>\n\t\t\n<\/div><div class=\"norebro-text-sc \" \n\tid=\"norebro-custom-6a047ff694861\" \n\t data-aos=\"fade-left\" \n\t data-aos-duration=\"800\">\n\n\t<p>Le 10 immagini sono state esposte in sala polivalente dal 14 novembre 2019 fino al periodo natalizio.<\/p>\n<p>Ognuna della 10 immagini esposte \u00e8 stata assegnata ad una delle 10 classi dell\u2019Istituto. La classe ne \u00e8 diventata custode.<\/p>\n\t\n<\/div>[vc_empty_space height=&#8221;20px&#8221;]<div class=\"norebro-heading-sc heading text-left\"\n\tid=\"norebro-custom-6a047ff6948e3\" \n\t data-aos=\"fade-left\" \n\t data-aos-duration=\"600\">\n\t\n\t\n\t\n\t<h3 class=\"title\">\n\t\tPercorso Informativo e di Storytelling\t<\/h3>\n\n\t\n\t\t\t<p class=\"subtitle\">\n\t\t\t\t\t<\/p>\n\t\t\n<\/div><div class=\"norebro-text-sc \" \n\tid=\"norebro-custom-6a047ff694993\" \n\t data-aos=\"fade-left\" \n\t data-aos-duration=\"800\">\n\n\t<p>Ognuna delle 10 immagini \u00e8 stata raccontata con un incontro di circa 50 minuti ai bambini di ogni classe insieme alla proiezione di altre immagini del contesto dove la foto \u00e8 stata scattata.<\/p>\n<p>Il linguaggio visivo, fotografico e lo storytelling per immagini: \u00e8 stato raccontato ai bambini come le immagini vengono realizzate tecnicamente con una terminologia e modalit\u00e0 adatte ai pi\u00f9 piccoli.<\/p>\n\t\n<\/div>[vc_empty_space height=&#8221;20px&#8221;]<div class=\"norebro-heading-sc heading text-left\"\n\tid=\"norebro-custom-6a047ff694a0c\" \n\t data-aos=\"fade-left\" \n\t data-aos-duration=\"600\">\n\t\n\t\n\t\n\t<h3 class=\"title\">\n\t\tPercorso Sperimentale e Pratico\t<\/h3>\n\n\t\n\t\t\t<p class=\"subtitle\">\n\t\t\t\t\t<\/p>\n\t\t\n<\/div><div class=\"norebro-text-sc \" \n\tid=\"norebro-custom-6a047ff694ab5\" \n\t data-aos=\"fade-left\" \n\t data-aos-duration=\"800\">\n\n\t<p>I genitori hanno gestito dei veri e propri laboratori fotografici creando delle attivit\u00e0 legate al mondo della fotografia e condividendo queste iniziative con i bambini di ogni classe.<\/p>\n\t\n<\/div>[vc_empty_space height=&#8221;20px&#8221;][\/vc_column_inner][\/vc_row_inner]\t<\/div>\n<\/div>\t\n\n<\/div>[\/vc_column][\/vc_row]\n","protected":false},"excerpt":{"rendered":"<p>[vc_row full_width=&#8221;stretch_row_content_no_spaces&#8221; full_height=&#8221;yes&#8221; css=&#8221;.vc_custom_1508418243723{background-image: url(http:\/\/www.worldchildren.it\/wp-content\/uploads\/2017\/10\/nor_about_ver4-min.jpg?id=12943) !important;background-position: center !important;background-repeat: no-repeat !important;background-size: cover !important;}&#8221;][vc_column][\/vc_column][\/vc_row]<\/p>\n","protected":false},"author":1,"featured_media":0,"parent":0,"menu_order":0,"comment_status":"closed","ping_status":"closed","template":"","meta":{"_exactmetrics_skip_tracking":false,"_exactmetrics_sitenote_active":false,"_exactmetrics_sitenote_note":"","_exactmetrics_sitenote_category":0,"footnotes":""},"class_list":["post-5657103","page","type-page","status-publish","hentry"],"yoast_head":"<!-- This site is optimized with the Yoast SEO plugin v25.5 - https:\/\/yoast.com\/wordpress\/plugins\/seo\/ -->\n<title>Laboratorio - Evento - World Children<\/title>\n<meta name=\"robots\" content=\"index, follow, max-snippet:-1, max-image-preview:large, max-video-preview:-1\" \/>\n<link rel=\"canonical\" href=\"https:\/\/www.worldchildren.it\/index.php\/obiettivi-del-progetto-world-children\/\" \/>\n<meta property=\"og:locale\" content=\"en_US\" \/>\n<meta property=\"og:type\" content=\"article\" \/>\n<meta property=\"og:title\" content=\"Laboratorio - Evento - World Children\" \/>\n<meta property=\"og:description\" content=\"[vc_row full_width=&#8221;stretch_row_content_no_spaces&#8221; full_height=&#8221;yes&#8221; css=&#8221;.vc_custom_1508418243723{background-image: url(http:\/\/www.worldchildren.it\/wp-content\/uploads\/2017\/10\/nor_about_ver4-min.jpg?id=12943) !important;background-position: center !important;background-repeat: no-repeat !important;background-size: cover !important;}&#8221;][vc_column][\/vc_column][\/vc_row]\" \/>\n<meta property=\"og:url\" content=\"https:\/\/www.worldchildren.it\/index.php\/obiettivi-del-progetto-world-children\/\" \/>\n<meta property=\"og:site_name\" content=\"World Children\" \/>\n<meta property=\"article:modified_time\" content=\"2021-01-03T14:47:14+00:00\" \/>\n<meta name=\"twitter:card\" content=\"summary_large_image\" \/>\n<meta name=\"twitter:label1\" content=\"Est. reading time\" \/>\n\t<meta name=\"twitter:data1\" content=\"3 minutes\" \/>\n<script type=\"application\/ld+json\" class=\"yoast-schema-graph\">{\"@context\":\"https:\/\/schema.org\",\"@graph\":[{\"@type\":\"WebPage\",\"@id\":\"https:\/\/www.worldchildren.it\/index.php\/obiettivi-del-progetto-world-children\/\",\"url\":\"https:\/\/www.worldchildren.it\/index.php\/obiettivi-del-progetto-world-children\/\",\"name\":\"Laboratorio - Evento - World Children\",\"isPartOf\":{\"@id\":\"https:\/\/www.worldchildren.it\/#website\"},\"datePublished\":\"2019-10-06T08:43:40+00:00\",\"dateModified\":\"2021-01-03T14:47:14+00:00\",\"breadcrumb\":{\"@id\":\"https:\/\/www.worldchildren.it\/index.php\/obiettivi-del-progetto-world-children\/#breadcrumb\"},\"inLanguage\":\"en-US\",\"potentialAction\":[{\"@type\":\"ReadAction\",\"target\":[\"https:\/\/www.worldchildren.it\/index.php\/obiettivi-del-progetto-world-children\/\"]}]},{\"@type\":\"BreadcrumbList\",\"@id\":\"https:\/\/www.worldchildren.it\/index.php\/obiettivi-del-progetto-world-children\/#breadcrumb\",\"itemListElement\":[{\"@type\":\"ListItem\",\"position\":1,\"name\":\"Home\",\"item\":\"https:\/\/www.worldchildren.it\/\"},{\"@type\":\"ListItem\",\"position\":2,\"name\":\"Laboratorio &#8211; Evento\"}]},{\"@type\":\"WebSite\",\"@id\":\"https:\/\/www.worldchildren.it\/#website\",\"url\":\"https:\/\/www.worldchildren.it\/\",\"name\":\"World Children\",\"description\":\"World Children - Bambini del Mondo\",\"potentialAction\":[{\"@type\":\"SearchAction\",\"target\":{\"@type\":\"EntryPoint\",\"urlTemplate\":\"https:\/\/www.worldchildren.it\/?s={search_term_string}\"},\"query-input\":{\"@type\":\"PropertyValueSpecification\",\"valueRequired\":true,\"valueName\":\"search_term_string\"}}],\"inLanguage\":\"en-US\"}]}<\/script>\n<!-- \/ Yoast SEO plugin. -->","yoast_head_json":{"title":"Laboratorio - Evento - World Children","robots":{"index":"index","follow":"follow","max-snippet":"max-snippet:-1","max-image-preview":"max-image-preview:large","max-video-preview":"max-video-preview:-1"},"canonical":"https:\/\/www.worldchildren.it\/index.php\/obiettivi-del-progetto-world-children\/","og_locale":"en_US","og_type":"article","og_title":"Laboratorio - Evento - World Children","og_description":"[vc_row full_width=&#8221;stretch_row_content_no_spaces&#8221; full_height=&#8221;yes&#8221; css=&#8221;.vc_custom_1508418243723{background-image: url(http:\/\/www.worldchildren.it\/wp-content\/uploads\/2017\/10\/nor_about_ver4-min.jpg?id=12943) !important;background-position: center !important;background-repeat: no-repeat !important;background-size: cover !important;}&#8221;][vc_column][\/vc_column][\/vc_row]","og_url":"https:\/\/www.worldchildren.it\/index.php\/obiettivi-del-progetto-world-children\/","og_site_name":"World Children","article_modified_time":"2021-01-03T14:47:14+00:00","twitter_card":"summary_large_image","twitter_misc":{"Est. reading time":"3 minutes"},"schema":{"@context":"https:\/\/schema.org","@graph":[{"@type":"WebPage","@id":"https:\/\/www.worldchildren.it\/index.php\/obiettivi-del-progetto-world-children\/","url":"https:\/\/www.worldchildren.it\/index.php\/obiettivi-del-progetto-world-children\/","name":"Laboratorio - Evento - World Children","isPartOf":{"@id":"https:\/\/www.worldchildren.it\/#website"},"datePublished":"2019-10-06T08:43:40+00:00","dateModified":"2021-01-03T14:47:14+00:00","breadcrumb":{"@id":"https:\/\/www.worldchildren.it\/index.php\/obiettivi-del-progetto-world-children\/#breadcrumb"},"inLanguage":"en-US","potentialAction":[{"@type":"ReadAction","target":["https:\/\/www.worldchildren.it\/index.php\/obiettivi-del-progetto-world-children\/"]}]},{"@type":"BreadcrumbList","@id":"https:\/\/www.worldchildren.it\/index.php\/obiettivi-del-progetto-world-children\/#breadcrumb","itemListElement":[{"@type":"ListItem","position":1,"name":"Home","item":"https:\/\/www.worldchildren.it\/"},{"@type":"ListItem","position":2,"name":"Laboratorio &#8211; Evento"}]},{"@type":"WebSite","@id":"https:\/\/www.worldchildren.it\/#website","url":"https:\/\/www.worldchildren.it\/","name":"World Children","description":"World Children - Bambini del Mondo","potentialAction":[{"@type":"SearchAction","target":{"@type":"EntryPoint","urlTemplate":"https:\/\/www.worldchildren.it\/?s={search_term_string}"},"query-input":{"@type":"PropertyValueSpecification","valueRequired":true,"valueName":"search_term_string"}}],"inLanguage":"en-US"}]}},"_links":{"self":[{"href":"https:\/\/www.worldchildren.it\/index.php\/wp-json\/wp\/v2\/pages\/5657103","targetHints":{"allow":["GET"]}}],"collection":[{"href":"https:\/\/www.worldchildren.it\/index.php\/wp-json\/wp\/v2\/pages"}],"about":[{"href":"https:\/\/www.worldchildren.it\/index.php\/wp-json\/wp\/v2\/types\/page"}],"author":[{"embeddable":true,"href":"https:\/\/www.worldchildren.it\/index.php\/wp-json\/wp\/v2\/users\/1"}],"replies":[{"embeddable":true,"href":"https:\/\/www.worldchildren.it\/index.php\/wp-json\/wp\/v2\/comments?post=5657103"}],"version-history":[{"count":26,"href":"https:\/\/www.worldchildren.it\/index.php\/wp-json\/wp\/v2\/pages\/5657103\/revisions"}],"predecessor-version":[{"id":5657306,"href":"https:\/\/www.worldchildren.it\/index.php\/wp-json\/wp\/v2\/pages\/5657103\/revisions\/5657306"}],"wp:attachment":[{"href":"https:\/\/www.worldchildren.it\/index.php\/wp-json\/wp\/v2\/media?parent=5657103"}],"curies":[{"name":"wp","href":"https:\/\/api.w.org\/{rel}","templated":true}]}}